
2, 7, 11
Suppose -3*n = -2*n + 5*t + 21, 0 = 4*n - 5*t - 41. Let f be (2 + -5)*(-30)/18. Suppose 0 = -f*u - d + 4*d + 185, n*u = -5*d + 148. List the prime factors of u.
37
Suppose -2*w = -h + 83, -3*w = -5*h + 302 + 113. What are the prime factors of h?
83
Let t(r) = -r**2 - 13*r - 11. Let u be t(-11). Suppose 4*g - 5*c = -3*c - 54, -g - u = -3*c. What are the prime factors of (-17)/(-2) + (-7)/g?
3
Suppose -520 = -0*o + 5*o. Let j = o - -147. What are the prime factors of j?
43
Suppose -3*o - 4 = -2*t, o - 6*o - 32 = 3*t. What are the prime factors of 6/8 + (-53)/o?
2, 7
Let k = -94 - -99. Suppose k*u = -3*w + 908, w - 46 = 2*u - 418. What are the prime factors of u?
2, 23
Let k(u) = -u**2 - 4*u + 6. Let o be k(-5). Let m be 17*(-2 + 1)*o. Let d = -14 - m. List the prime factors of d.
3
Let k = 78 + -35. Let x = k + -1. List the prime factors of x.
2, 3, 7
Let j(c) = 2*c**2 - 2*c + 1. Let r be (-5)/(-1)*(-32)/40. Let x be r/3*(-9)/3. What are the prime factors of j(x)?
5
Let h = 412 - 376. Let r(n) = -7*n**3 + n + 1. Let w be r(-1). Suppose y + h = w*y. What are the prime factors of y?
2, 3
Let i be (-2180)/(-30) - (-3)/9. Suppose a - i = 79. List the prime factors of a.
2, 19
Let h be 23/(-7) - 20/(-70). Let k be h - (-102 + (4 - 3)). Suppose -3*g + 91 = -k. List the prime factors of g.
3, 7
Let s = -5056 - -7714. What are the prime factors of s?
2, 3, 443
List the prime factors of 12/24*-2620*-4.
2, 5, 131
Let a be (-2)/(1 - (-6)/(-10)). Let m = a - -26. Suppose 2*b - 52 - m = -3*x, 5*x - 110 = -b. List the prime factors of x.
3, 7
Let r = -132 - -257. Let c(i) = -9*i**2 - 4. Let h be c(3). Let z = r + h. List the prime factors of z.
2, 5
Suppose 3*j - 565 = -5*a + 311, 5*j + 15 = 0. What are the prime factors of a?
3, 59
Let l be (16/24)/(2/(-6)). Let p(u) = -4 + 17*u**2 + 7 - u + 0*u - 1. List the prime factors of p(l).
2, 3
Let u = 1975 - 1255. Suppose -4*i = -7*i + u. Suppose -3*x + i = x. What are the prime factors of x?
2, 3, 5
Let r = -42 - -25. Let m = -14 - r. What are the prime factors of m?
3
Let s be 3 - (0 + 0 + -7). Suppose -3*w + 53 = n, -3*w + 13 + s = -5*n. Suppose -6*o + 2*o + w = 0, -28 = -3*r - o. What are the prime factors of r?
2
Let c = -954 + 1712. List the prime factors of c.
2, 379
Suppose 0 = 4*m - 9 - 31. Suppose -6 = -11*y + 16. What are the prime factors of -1*(0 + y) + m?
2
Let l(g) = -10*g - 2. Let c be l(1). Suppose s + 0*s - 21 = -2*a, 0 = -2*a - 5*s + 41. Let j = a - c. What are the prime factors of j?
2, 5
Suppose 2568 = -15*h + 16968. What are the prime factors of h?
2, 3, 5
What are the prime factors of ((-1)/(-2) - 786/(-4))*1?
197
Let w(a) = -a**2 - 5*a + 6. Let i(z) = -z**2 - 4*z + 5. Let f(n) = -4*i(n) + 5*w(n). What are the prime factors of f(-7)?
2, 3
Suppose 0 = -3*r - 2 + 11. Suppose 2*y - 211 = -r*j, -y + 4*j = -0*y - 89. What are the prime factors of y?
101
Let o(b) = -2*b + 11. Let p be o(4). Suppose -4*x = p*x - 28. Suppose -x*s + 130 = 6. List the prime factors of s.
31
Let h = -69 + 164. What are the prime factors of 4/(-10) + 4218/h?
2, 11
Let f = -5 + 12. Let p be (-8)/28 - (-695)/f. Let s = p + -67. List the prime factors of s.
2
Let l(b) = 3*b**3 - 8*b**2 + 4*b + 7. Let m be l(4). Suppose 5*p - 543 = m. What are the prime factors of p?
2, 3, 7
Suppose 4*r - 280 = 4*s, -190 - 24 = -3*r + 4*s. Let n = r + -49. What are the prime factors of n?
17
Let v(k) = 8*k**2 - 11*k - 9. Let x be v(-6). Suppose 15*m - 18*m + x = 0. What are the prime factors of m?
5, 23
Suppose 0 = 5*m - 2*r - 4465, -r - 635 = -m + 255. List the prime factors of m.
5, 179
List the prime factors of -1 - 10/(100/(-25870)).
2, 3, 431
What are the prime factors of ((-23121)/(-14))/9 - (-10)/4?
2, 3, 31
Suppose 2*s + 24 + 12 = -3*q, 4*q = 5*s + 113. Let t = 6 - s. What are the prime factors of t?
3
Let y be (-1)/(-2)*-2*1. Let s be 21 + 4 + (y - -1). What are the prime factors of (-5 + 1)/4 + s?
2, 3
Suppose -5*g = -4*g - 2. Suppose -7*y = -5*n - 2*y, 2*y + g = 0. What are the prime factors of (8/16)/(n/(-48))?
2, 3
Let c be 47/((0 - -1)*-1). Let f = 264 + -193. Let x = f + c. What are the prime factors of x?
2, 3
List the prime factors of 1/6 + 77/42 - -1850.
2, 463
Suppose 6*x - 2*x - 4 = 0, -2*f = 5*x - 25. Suppose 4*m + f = 6*m, 0 = 3*n - 2*m - 266. What are the prime factors of n?
2, 23
Let x = 2817 - 1820. List the prime factors of x.
997
Suppose 12394 = 8*y + 1922. List the prime factors of y.
7, 11, 17
Let m(j) = -17*j**2 - 5*j - 3. Suppose 0 = -3*h - 11 - 4. Let v(l) = 26*l**2 + 8*l + 5. Let g(n) = h*v(n) - 8*m(n). List the prime factors of g(-1).
5
Let s(q) = -117*q**3 - q**2 - 6*q + 6. Let l be s(1). Let b = -66 - l. What are the prime factors of b?
2, 13
Suppose 0 = -z - 28*a + 25*a + 1397, 5*z = -5*a + 6995. List the prime factors of z.
2, 5, 7
Let r be (2 - 12/5)/((-3)/15). Suppose -3*z = -4*a + r*z - 5, -5*a + 5*z = 0. What are the prime factors of a?
5
Let z(y) = y + 10. Let j be z(-10). Suppose -r + 3*t + 97 = j, 2*r - 4*t - 125 = 61. What are the prime factors of r?
5, 17
Suppose 0 = -a - 4*q + 2, a - 3 = -q - 1. Suppose 4*y - 124 = -4*g, 2*y + a*g = y + 27. What are the prime factors of y?
5, 7
Let u(k) = k**3 + 24*k**2 - 58*k - 28. List the prime factors of u(-24).
2, 11, 31
Let y = 173 + -98. Suppose -2*j + o + 50 = -0*j, 0 = 3*j - 2*o - y. What are the prime factors of j?
5
Let v(a) = 35*a + 236. What are the prime factors of v(24)?
2, 269
Suppose 6*m - 70 = -1660. Let d = -156 - m. What are the prime factors of d?
109
Let b be 3/4*48/12. What are the prime factors of 590/(8 - b) + 2 + -4?
2, 29
Let z = 21 - 22. Let n(o) = 125*o**2 + 5*o + 2. What are the prime factors of n(z)?
2, 61
Suppose -3*i - 772 = -z, -3*i + 1669 = -3*z + 3997. What are the prime factors of z?
2, 389
Let i(s) = 13*s + 1. Suppose 5 = p, 2*p = 2*k - p + 13. Suppose 2 = a + k. List the prime factors of i(a).
2, 7
Let x = 33 + -99. Let o = -14 - x. What are the prime factors of o?
2, 13
Let v = -1662 - -2302. List the prime factors of v.
2, 5
Let y = -600 + 1022. List the prime factors of y.
2, 211
Let v = 999 - 923. List the prime factors of v.
2, 19
Suppose 0 = -3*t - 2*r + 3224, 4*t - 5*t + 3*r + 1071 = 0. What are the prime factors of t?
2, 3, 179
Let n = 125 - 241. Let u = n + 213. What are the prime factors of u?
97
Suppose j - 2002 = 3*t, -t = -2*j + 5163 - 1169. What are the prime factors of j?
2, 499
Let n be 5 + 5/((-25)/335). Let c be (-2 - 3)*4/10. List the prime factors of n*(9/6 + c).
31
Let i be 15 - -5*6/(-10). List the prime factors of 1074/27 + i/54.
2, 5
Let v(y) = -18*y**2 - 6. Let i be (-6)/(-4)*-2 - -9. Let w(o) = 17*o**2 + 5. Let z(g) = i*v(g) + 7*w(g). List the prime factors of z(2).
43
Let a(f) be the third derivative of 0 - 6*f**2 + 0*f - 1/3*f**4 + 1/2*f**3. List the prime factors of a(-2).
19
Let g be (2 - ((-32)/(-10) + -3))*-5. What are the prime factors of g/2*49/(-42)*32?
2, 3, 7
Let o = 373 - 109. List the prime factors of o.
2, 3, 11
Suppose -c + 2*t = t - 9, -19 = -c + 3*t. Suppose 0*y + c*y = 172. Let f = 86 - y. List the prime factors of f.
43
Let w = 3254 - 1502. What are the prime factors of w?
2, 3, 73
Let v = -1314 - -2097. List the prime factors of v.
3, 29
Suppose -4*h - 4*h = -24. Suppose 0 = h*j - 75 - 111. What are the prime factors of j?
2, 31
Let u(l) = 6*l**2 + 11*l + 11. Let a be u(-9). Suppose x = -0*j + 4*j - a, -2*x + 293 = 3*j. Suppose 5*v - 171 = j. List the prime factors of v.
2, 3
Let p = -4142 - -7549. What are the prime factors of p?
3407
Let p be 25 + 0 + 4 + -3. Let b = p + -10. List the prime factors of b.
2
Let o be 177/4 - 3/12. Suppose u - 5*j + o = 2*u, 0 = 3*u + 3*j - 72. What are the prime factors of u?
19
What are the prime factors of 20/(-4) + 16 + 2542?
3, 23, 37
List the prime factors of (3 + -3)/(-4) + 3376/4.
2, 211
Let o(a) = a**2 + 4*a - 66. Let h be o(6). What are the prime factors of -2*732/h - 3?
241
Let g = -10 - -10. Suppose 2 = -2*k - 3*q, 3*k - 3*q + 5*q - 2 = g. List the prime factors of 15 + k + (0 - 1).
2
Suppose 2*n = 4*s + 690, 2*n + n - 695 = 4*s. Let z = -93 - s. Let v = -36 + z. List the prime factors of v.
41
Let d = 1358 - 914. What are the prime factors of d?
2, 3, 37
Suppose 0 = -4*m - 5*q + 2528, -3*q - 988 = -5*m + 2209. What ar